value of 20 - (21 - (-10 - -10))?
-1
What is the value of 14 + 0 + -2 + (-647 - -667)?
32
Evaluate (6 - 1) + -3 + -2 - -4.
4
Calculate (3 - 0) + -2 + (-17 - -12).
-4
(-9 - 2) + (254 - 239) + 12
16
What is 10 + (-3 - (-8 + 9)) + -7?
-1
-2 - (0 + 19 - 10)
-11
Calculate 25 + -14 - (-2 + 0 + 1).
12
Calculate 7 - (7 + -4 + (-6 - 1)).
11
What is the value of -1 - -34 - (-1176 + 1191)?
18
What is the value of (20 - 6) + -11 + -10 + -6 + -2?
-15
What is 25 - (69 - (0 - -26))?
-18
Calculate (-126 - -141) + 1 + -9.
7
Evaluate (-21 - 2) + (5 - -8).
-10
What is the value of -10 + 11 + 1 - (1 - -2) - -1?
0
What is (-7 - 0) + (0 - -5) + 12?
10
Evaluate 0 + (7 - 1 - -4).
10
Evaluate (0 + 8 - 0) + 24 + 7 + -34.
5
What is -24 + (39 - (32 - 5))?
-12
4 - -1 - 17 - -8
-4
-1 + (-6 - (-10 + 18))
-15
Evaluate (0 + 2 - (-15 - -16 - 2)) + -4.
-1
3 + 2 + -9 + 17
13
Evaluate 3 + 28 - (-28 - -34 - (-2 + -1)).
22
What is (-14 - (-3 + 0)) + -12 + 13 + 10?
0
Evaluate -18 + 8 + 9 + 4 + -6 + 13.
10
Evaluate -2 + (-10 - -1 - -2) + (7473 - 7479).
-15
What is 8 + -13 + 31 + (-3 - (-1 - -5))?
19
10 + 12 - ((0 - -5) + -1)
18
Calculate 4 - ((-14 - (-42 + 16)) + (-1 - -5)).
-12
What is -13 - -4 - (-10 - 6)?
7
9 + 1 + -7 + 1 + 7
11
Calculate 1 + 38 - (-30 - (-37 - 9)).
23
Calculate 46 + -169 + 112 - (-3 + 0 + -1).
-7
Evaluate (2 - (10 + -7)) + 3 + (-3 - -19).
18
Evaluate (-4 - -1) + (18 - (65 - 34)).
-16
-23 - (-15 + (-6 - -6) + 6)
-14
Evaluate 1 + (-2 - 6) + (140 - 140).
-7
-11 + -6 + 0 + (23 - 0)
6
Calculate -6 + (-13 - 13) + 22.
-10
Calculate 147 + -147 + 14 + 1.
15
What is the value of -21 + -14 + 38 - 9?
-6
What is the value of 0 - -15 - (-29 - -27)?
17
What is the value of (-14 - -8) + 5 + -12 + 3?
-10
Calculate (-151 + 144 - (1 + -14)) + -13.
-7
What is the value of (-3 - (11 - 10)) + 16?
12
What is 28 + (-17 - (-16 - -17)) + (0 - 8)?
2
(1 - -7 - -11) + -7
12
What is the value of -30 - 1 - (31 + -80 + 40)?
-22
Calculate (115 - 127) + -1 + 1 + (-5 - -7).
-10
Calculate (8 - -5) + -41 + 38.
10
What is 79 + 42 + -72 + -21?
28
What is the value of 3 + -7 + (7 - 11) - 5?
-13
What is the value of 24 - (-14 + 19 + 15)?
4
Evaluate -20 - (-7 + 7 + -16).
-4
(0 + -4 - (-73 + 90)) + -2 + 9
-14
What is 9 - -2 - (1356 - 1354)?
9
What is the value of 53 - (10 + (-4 - -22))?
25
-12 + (4 - (8 - 24))
8
-32 + 36 - (7 + -8 + -1)
6
0 - 13 - (62 - 71) - -6
2
Calculate -32 + 23 + 46 - 10.
27
1 - (-5 - (-6 - (-2 + -3))) - 2
3
What is 36 - ((9 - 15) + -3 - -11)?
34
Evaluate (-60 - (-71 + 34)) + -13.
-36
What is -3 - (6 - (0 + -2 + -5))?
-16
What is the value of 24 + -23 - (2 + 15 - 4)?
-12
What is the value of -11 + (-4 - -1 - 2) + (-7 - 1)?
-24
What is the value of -1 + 11 - (402 + -404) - 10?
2
Evaluate 13 + (29 - 36) + -6 + -2 + 2.
0
What is the value of (10 - (-5 - -3)) + -17 + 5?
0
What is 20 - (15 + -17 + 12)?
10
What is 9 - -9 - 24 - (3 - 0)?
-9
8 - -1 - ((1 - 20) + -338 + 359)
7
What is -15 - -1 - (-139 - -131)?
-6
(-7 - (-9 - (-4 + -4))) + 18
12
Calculate (10 - -3) + -1 + (2 - -1).
15
Calculate -3 + -6 + -1 + 0 - -5.
-5
-3 + (-4 + 14 - 1) + -13
-7
Evaluate (0 - (7 + -4)) + 0.
-3
Evaluate -4 + 17 + (2 - 3) + (-5 - -9).
16
Calculate -5 + (8 - 23) + 7.
-13
What is (5 - (2 - 0)) + 19 + -16 - 1?
5
What is the value of -1069 - -1075 - (29 + 2 + 0 + 0)?
-25
What is the value of 18 + (-9 - -17) + -8 - 13?
5
What is -2 + 30 + -1 + (4 - 27 - -17)?
21
What is 19 + (22 - 16) - 11?
14
Calculate 3 - (9 + 4 + -27).
17
What is the value of -17 - ((-9 - -6) + -8 - -3)?
-9
-1 - (-16 - -2) - (9 + -4 + -2)
10
What is the value of 7 + (-8 - -3 - (26 - 34) - -3)?
13
What is the value of -15 + 6 + -15 + 9?
-15
What is (28 - 16) + (0 + -5 - 6)?
1
What is -29 - (-12 - -13 - 13)?
-17
Evaluate 5 + 0 + 1 + 31 + -36 - 4.
-3
Evaluate 5 - (16 + (-6 - (-4 - (2 + -6)))).
-5
Calculate 10 + 9 + (-5 + 2 - -1) + -5.
12
What is -7 - (-3 + 9 - (4 - 19)) - -8?
-20
What is the value of 4 + 1 + -2 + 17 + -8?
12
Calculate -353 - -363 - (-9 + 1).
18
10 + 0 + -252 + 224
-18
5 + -6 + (-2 - 2) - 2 - 2
-9
What is (25 - 30) + -16 + 1 + 3?
-17
Evaluate (8 - (-1 + 2)) + -8 + 11.
10
Evaluate 210 + -218 + -2 + 1 + 2 + -10.
-17
Evaluate (-34 + 15 - 8 - 7) + -4.
-38
Evaluate (-43 - (-80 + 43)) + (-2 - -30 - 2).
20
What is 9 + (-55 - (-6 - 28))?
-12
What is the value of 13 + (22 - 21) + -1 + -18?
-5
What is (-2 - (8 + -29)) + 5?
24
What is -7 - ((15 - 29) + (0 - -7)) - -3?
3
What is (-1 - 0 - (0 + (-5 - -2))) + 1?
3
8 + (-14 - -11) - (0 - -11 - 1)
-5
What is (0 - (5 + -11)) + 1 + (-1 - 5)?
1
9 + (-7 - (-2 - (6 + -7))) + 15
18
(9 - (-1 + (14 - 21))) + 0
17
Calculate (-20 - -6) + (39 - 19) + -7.
-1
Evaluate -50 + 27 - (-19 - 21).
17
Evaluate 5 - 0 - (-9 + (5 - 12 - -23)).
-2
Evaluate (0 + 2 - (-8 - -10)) + 3 + -6.
-3
Calculate -12 + -17 + 14 - 1.
-16
(-16 - (0 - -1)) + 558 + -545
-4
What is the value of -15 - (12 + 12 + -9 - 54)?
24
Evaluate -6 + 23 + -23 - (-33 + -2).
29
-17 + 4 + -2 + (24 - -10)
19
Calculate -28 + 2 - 0 - (11 + -19 + 0).
-18
What is the value of 17 - (37 - ((-2 - -13) + 5))?
-4
What is (-22 - (11 + -17)) + -8?
-24
What is 7 - (-17 - (2 + -6 + -26))?
-6
Calculate -12 + 12 - (-10 - -5).
5
What is 1 + 2 + 96 + -99?
0
Calculate 10 + -97 + 83 + 24 + -1.
19
What is the value of (7 - (-1 + 0)) + (-149 - -122)?
-19
-19 + (-26 - -31) + (4 - 3)
-13
Evaluate -17 + 2 - (6 + (6 - 13)).
-14
Calculate 0 - 11 - (-17 - ((-12 - -8) + -9)).
-7
-4 + 12 + (-25 - 4) + 12
-9
(65 - 46) + -9 + -1
9
What is the value of -10 + (1 + -5 - -18 - 2)?
2
What is the value of (0 - 5) + (-15 + 16 + 1 - -5)?
2
What is 687 + -676 - (-14 + (1 - 1))?
25
10 + (6 - (33 - 17)) - -14
14
Evaluate -6 + (-84 - -69 - (-7 - (-1 - 2))).
-17
What is (-21 - -19) + -1 + 11?
8
(-26 - -17 - (-4 - 11)) + (-3 - 1)
2
What is 2 - (0 - (8 - -10 - 24))?
-4
13 + (3 - (8 + 9))
-1
Calculate -9 - (-6 - (-2 - 2 - -12)) - -1.
6
2 + -1 - (0 + (-24 - -13))
12
Calculate 10 - (6 + -3 - (-21 - -19)).
5
Calculate 4 - (-8 - (13 + -27)).
-2
(18 - 15) + 3 + (-10 - 1)
-5
Evaluate -34 + 47 + -20 + (10 - (-4 - -2)).
5
Calculate 10 + -17 - (-6 + 20) - -7.
-14
What is 21 + (18 - 66) + 5?
-22
Evaluate 34 + -20 - (1 - (0 + (3 - 2))).
14
Evaluate -2 + 2 + (-8 - -4) - (-1 + -18).
15
Calculate 11 - (-15 + 16 + 2).
8
Calculate (11 - 12 - -32) + 2 + -15.
18
What is 6 + 2 - (-1 + 8 + -19 + 31)?
-11
What is the value of 2 + ((6 - (18 - -6)) + 1 - -2)?
-13
What is -33 - (-1 + 0 + (4 + 15 - 24))?
-27
Calculate (1 - (0 + -12)) + (-27 + 26 - 1).
11
8 + -28 - -17 - (6 + -14)
5
What is the value of 527 + -544 + (3 - -2)?
-12
(3 - -2) + (-2 - (-6 + -1 + 6))
4
What is -91 + 99 - (4 + 1 - -1)?
2
What is the value of 11 + (17 - (10 + 20 + 5))?
-7
(-2 - (-11 + 6 - -7)) + -1 + 3
-2
Evaluate 6 - (10 + 2 + -14).
8
0 - (9 + -9) - -8 - 9
-1
(-1 - -1) + -4 + -228 + 220
-12
What is -1 - -4 - (6 - (34 - 19))?
12
What is 5 + 7 + -1 + (37 - 59) - 23?
-34
Calculate (-6 - -4) + -4 + 3 + 0 + 4.
1
4 + -40 + (3 - (-15 + 10 + -2))
-26
What is -27 - (-13 + -14) - (-4 + 20)?
-16
What is 1 + -4 + 7 - (26 + -20) - -3?
1
What is (-2 - -8 - (34 - 30)) + 10?
12
Calculate (-135 - -147) + (-3 - -1).
10
Calculate (7 - 6) + 2 - -8.
11
What is the value of 10 + (-2 - 1) + 4?
11
What is the value of (-27 - -10) + (-7 - -2 - 5)?
-27
Evaluate -24 + (14 + -35 - -62).
17
What is 7 - -18 - 55 - -24?
-6
What is (9 - (6 - 14) - 8) + (1 - 4)?
6
What is 4 - 6 - (9 - (16 + -7 + -2))?
-4
What is (-17 - -4) + (-21 - -21)?
-13
(-2 - 1) + -7 + (-1 - 6)
-17
Evaluate (-4 - (0 + -2) - -6) + -1 - -7.
10
(9 + -4 - 19) + (4 - (-7 - -1))
-4
What is 26 + (4 - 6) + -20 - (-19 - -1)?
22
(22 + 16 - 3) + -23
12
23 - (-6 + (14 - 6) + 2 + 1)
18
(6 - ((1 - -2) + 6)) + 5 + -1
1
What is 7 + 1 + (-16 - (4 - (12 - 10)))?
-10
What is the value of 0 + -10 - (-1044 + 1024)?
10
What is the value of -35 + 30 + (2 + 0 - (-1 - -8))?
-10
What is the value of 11 - (6 + -1 + -9)?
15
What is 25 - 0 - (0 - 2 - (-236 - -223))?
14
0 + 4 + -16 + (1 - -5) + -7
-13
Evaluate 4 - 31 - (170 - 219).
22
What is -16 - (3 + -15) - -26?
22
What is the value of (-4 - 1) + -3 + (-12 - -22) - -10?
12
What is (34 - 36) + 3 + -11?
-10
Calculate (-8 - (-12 + 2)) + -31 + (6 - -3).
-20
What is -4 + -8 - (35 - 41)?
-6
Calculate (-42 - -69) + 2 + -17.
12
Evaluate -21 + 39 - (21 - -11).
-14
What is -1 - -7 - -10 - 13?
3
